38 (base 10) to base 16.
8be
Convert 4025234 (base 6) to base 10.
190390
What is -35143004 (base 7) in base 6?
-150052302
What is -12655244 (base 7) in base 16?
-11e81d
-d1241c (base 14) to base 12
-243400a
What is 8756 (base 11) in base 15?
3656
What is -1aa98 (base 11) in base 8?
-71124
What is 1133044 (base 6) in base 10?
58996
-1cbbc6 (base 15) to base 10
-1406661
What is -1b7c0c (base 15) in base 8?
-5076173
31366164 (base 7) to base 15
376b23
Convert -3b385 (base 14) to base 8.
-435331
Convert 21001013 (base 4) to base 15.
ae25
2032020002 (base 4) to base 15
b774b
What is -257162 (base 8) in base 5?
-10332324
Convert 654302 (base 10) to base 7.
5363405
b6755b (base 13) to base 6
231321133
Convert 411430 (base 8) to base 6.
2525240
What is -100022020220 (base 4) in base 11?
-2433482
-38936 (base 12) to base 14
-202a6
What is 12202221100220 (base 3) in base 11?
1807065
548270 (base 10) to base 4
2011312232
220240 (base 7) to base 11
26a59
What is 1305344433 (base 6) in base 9?
31840463
15130110 (base 7) to base 15
1d5689
Convert -1269994 (base 11) to base 7.
-24440325
Convert -2bc09 (base 15) to base 6.
-3005100
17189f (base 16) to base 15
1ed73b
Convert 32104334 (base 7) to base 11.
15a0877
Convert -1618442 (base 9) to base 3.
-1200122111102
-3311030 (base 5) to base 13
-1cc4a
Convert -9a3eba (base 15) to base 14.
-d960b1
1133331333 (base 4) to base 5
100034322
1018749 (base 10) to base 15
151cb9
Convert 2862241 (base 9) to base 5.
400420142
What is -145632 (base 8) in base 12?
-261b6
What is 102122020000 (base 3) in base 5?
24312233
Convert -90911 (base 11) to base 4.
-200130012
Convert 115730 (base 9) to base 6.
1255213
-2066f (base 16) to base 14
-3651d
What is 175170 (base 9) in base 8?
324335
Convert 1010000101101100101010 (base 2) to base 5.
1134113103
What is ecde2d (base 15) in base 5?
10342121233
311323222023 (base 4) to base 6
1223005403
What is -3134420 (base 5) in base 15?
-10840
219138 (base 12) to base 4
2002121330
What is dd5c5 (base 14) in base 4?
2002322221
-6599d (base 16) to base 6
-12530353
What is -a2927 (base 12) in base 13?
-75739
-103807 (base 14) to base 8
-2055457
What is 4060 (base 11) in base 16?
150e
What is 44833 (base 15) in base 8?
651370
What is 68839 (base 13) in base 9?
320081
1601c (base 14) to base 10
54906
Convert -4627520 (base 8) to base 11.
-789697
-2052768 (base 9) to base 14
-2080c6
Convert -12220222110 (base 3) to base 4.
-130132101
What is 3b72dc (base 14) in base 9?
3773068
Convert 21011011111 (base 3) to base 2.
100010011000010010
32053250 (base 7) to base 9
5103805
Convert -11143112 (base 5) to base 10.
-99782
Convert -1211059 (base 14) to base 13.
-1a39736
-18c63 (base 15) to base 8
-235042
33502531 (base 8) to base 7
115364621
Convert 16a2429 (base 13) to base 11.
416768a
Convert 11011011101100111111 (base 2) to base 6.
31142115
What is -636386 (base 9) in base 11?
-239558
17363110 (base 8) to base 10
4056648
What is 51293 (base 12) in base 13?
39210
What is 12033002 (base 5) in base 16?
1b40b
Convert 311304 (base 5) to base 16.
27dc
Convert 1107096 (base 11) to base 16.
1da212
-211304 (base 7) to base 9
-55065
What is 207795 (base 11) in base 10?
332370
Convert 220541343 (base 6) to base 11.
226793a
-1000011000110000000 (base 2) to base 6
-5520144
1112021011000 (base 3) to base 5
201442324
Convert -363a74 (base 12) to base 16.
-d6438
What is -3220412 (base 5) in base 8?
-152322
What is -1100111011100110011 (base 2) in base 14?
-b05c7
What is 46050 (base 14) in base 16?
298d6
Convert 2324421 (base 5) to base 15.
c8c6
What is 14244304 (base 5) in base 2?
100100100111000010
-3a8100 (base 13) to base 11
-888875
What is 47577 (base 10) in base 4?
23213121
19015c (base 15) to base 13
337227
Convert 13112132222 (base 4) to base 3.
10121220110102
Convert -308c58 (base 13) to base 6.
-40143540
7473551 (base 8) to base 5
1002343044
What is -154b2 (base 15) in base 4?
-100233113
What is 1074774 (base 8) in base 12?
121938
What is -72942 (base 10) in base 2?
-10001110011101110
What is -433252040 (base 6) in base 2?
-11101011100111100011000
101111100100110010001 (base 2) to base 3
2221012110010
What is 11100100111111111001100 (base 2) in base 9?
15106267
Convert 2321321 (base 8) to base 16.
9a2d1
Convert -121200100220 (base 3) to base 2.
-1010000001001111101
What is -184203 (base 9) in base 16?
-1bfba
What is 180387 (base 10) in base 8?
540243
12340411 (base 5) to base 9
204420
-213321032 (base 4) to base 6
-3300302
Convert -4054193 (base 11) to base 6.
-413323140
Convert -222030213300 (base 4) to base 12.
-3855580
What is -745650 (base 12) in base 16?
-1bfd5c
Convert -1331404 (base 7) to base 11.
-110103
Convert 100111101000001 (base 3) to base 15.
69a244
-1110322021 (base 4) to base 16
-54e89
-1020210011000 (base 3) to base 12
-280990
-46084 (base 11) to base 9
-111366
Convert 4aa519 (base 11) to base 5.
201221144
18a607 (base 12) to base 3
210222210021
Convert 10001111101100001101000 (base 2) to base 8.
21754150
131000030 (base 4) to base 14
31416
What is c2065 (base 13) in base 14?
90769
316777 (base 16) to base 8
14263567
What is -2139524 (base 12) in base 11?
-3612844
Convert 11111110111110000 (base 2) to base 11.
8a097
What is -91411 (base 11) in base 8?
-404734
What is -284820 (base 11) in base 5?
-103224134
Convert -11010111100101010 (base 2) to base 4.
-122330222
Convert 2311251 (base 7) to base 16.
46755
Convert 349a69 (base 12) to base 11.
528aa8
-101000000001010110111 (base 2) to base 11
-816316
Convert -13138 (base 9) to base 15.
-295e
-1053401 (base 6) to base 16
-d2a9
Convert 97dc8 (base 14) to base 6.
11514112
118503 (base 10) to base 6
2312343
-a88b7 (base 14) to base 15
-80c96
-102022022201000 (base 3) to base 5
-3014302120
Convert 1200882 (base 9) to base 11.
404607
What is 33277 (base 10) in base 2?
1000000111111101
What is 354917 (base 10) in base 15?
70262
112002102101 (base 3) to base 14
730d1
What is -1282359 (base 11) in base 6?
-115241240
What is -17085 (base 12) in base 7?
-165005
What is 212132103 (base 4) in base 15?
31a5c
15421452 (base 7) to base 14
2a8d62
What is 41b02 (base 16) in base 4?
1001230002
Convert -537752 (base 8) to base 5.
-21231302
-19005b (base 15) to base 9
-2251705
What is -c1705 (base 13) in base 15?
-6c847
12121321030 (base 4) to base 6
55552444
What is 14262063 (base 7) in base 13?
380313
Convert -1091401 (base 11) to base 5.
-441431041
41b0e (base 15) to base 8
626754
What is 1176471 (base 8) in base 13?
b5a96
What is -100000101111011100 (base 2) in base 13?
-49070
Convert -547427 (base 11) to base 14.
-18a557
Convert -1881445 (base 11) to base 5.
-1303211321
Convert -1230433342 (base 6) to base 2.
-110110100110010000111110
What is -22c47c (base 14) in base 9?
-2207263
-131cb41 (base 13) to base 10
-5997525
Convert -4fbe (base 16) to base 7.
-113342
-329c28 (base 13) to base 3
-2020121021010
134556 (base 7) to base 14
94d6
-211011121121022 (base 3) to base 5
-11004020123
-72636 (base 12) to base 13
-53091
-122937 (base 11) to base 16
-2f64c
-2a86b9 (base 14) to base 15
-1e4684
-12a6594 (base 11) to base 9
-4206650
1003355 (base 6) to base 3
2102002022
What is -46a548 (base 13) in base 4?
-12122000311
-1919145 (base 10) to base 12
-786749
What is -120145 (base 6) in base 11?
-7925
What is -b3c62 (base 16) in base 7?
-6154543
Convert bd660 (base 15) to base 6.
20523530
Convert -111001011011 (base 2) to base 4.
-321123
-21066171 (base 8) to base 16
-446c79
Convert 465988 (base 12) to base 2.
100010011110100111000
What is 1111111100100011110 (base 2) in base 11?
327644
Convert 3213013 (base 5) to base 16.
d375
101010001100101 (base 2) to base 14
7c33
What is -804064 (base 10) in base 8?
-3042340
-30bb21 (base 12) to base 13
-20b219
What is -1812748 (base 14) in base 4?
-231103301130
What is -1111000001010000001 (base 2) in base 15?
-9ac5b
What is 1a06c1 (base 13) in base 14?
131b74
1377072 (base 8) to base 7
3224036
-112210121021 (base 3) to base 8
-1070756
Convert -5503135 (base 6) to base 8.
-1024743
Convert -101222311301 (base 4) to base 2.
-10001101010110101110001
223510 (base 10) to base 9
370534
-152172 (base 8) to base 2
-1101010001111010
-45579a (base 11) to base 7
-6106522
Convert 111000000110001011101 (base 2) to base 12.
747911
What is 